0
Suppose -85 = -7*h - 57. Let q(l) = 2*l + 2. Let n be q(3). Let r be (2*-1)/((-1)/n). What is the greatest common factor of h and r?
4
Suppose 14*p - 15*p + 35 = 0. Suppose t - 9*t + 112 = 0. What is the highest common factor of p and t?
7
Let f = -1856 - -1977. Calculate the greatest common divisor of f and 55.
11
Let k be 46/10 + 33/(-55). Suppose -k*i = -i - 81. What is the highest common factor of 18 and i?
9
Let x = -31 - -45. Let p be (117/63)/(2/x). What is the highest common factor of p and 26?
13
Let n = -52 - -94. Suppose -3*r = -2*k - 193, -3*k + 48 = r - 9. Calculate the greatest common factor of n and r.
21
Suppose 3*g - 1905 = -3*a + 6*g, 5*a - 3193 = -4*g. Calculate the highest common factor of a and 98.
49
Suppose -896 = -31*t + 17*t. What is the highest common divisor of t and 152?
8
Let c be 0 + 0 - (-8)/((-8)/(-3)). Let r be (-7)/((c + 0 - 1)/(-2)). Calculate the greatest common divisor of 77 and r.
7
Let y(q) be the third derivative of 5*q**4/4 - q**3 + 12*q**2. Let k be y(2). Calculate the greatest common factor of k and 6.
6
Let h(k) = -5*k + 24. Let z be h(6). Let l be (3/z*-2)/((-2)/(-70)). What is the greatest common factor of l and 245?
35
Let u = 4 - 2. Let y be (-4 - -8)/(u/120). Suppose -21*j + 600 = -j. What is the greatest common factor of y and j?
30
Let g(k) = 5*k + 13. Let z(j) = 3*j + 6. Let l(h) = 4*g(h) - 7*z(h). Let v be l(-10). Let x = v + -10. What is the greatest common divisor of x and 30?
10
Let b(n) = -42*n**2 + 5*n + 5. Let i be b(-1). Let v = -6 - i. What is the greatest common factor of 12 and v?
12
Let j be ((-92)/161)/(2/(-217)). Suppose 0 = 3*w - 182 + j. What is the greatest common divisor of 60 and w?
20
Suppose 0 = 9*u - 10*u + 10. Suppose -14*p = -u*p. Suppose b + 134 = 2*w + w, p = -3*w + 4*b + 140. Calculate the highest common factor of 4 and w.
4
Let d(t) = -t**3 - 9*t**2 + 4*t - 10. Let v be d(-10). Let u = v - 47. Calculate the highest common divisor of 39 and u.
3
Suppose m - b + 0*b - 185 = 0, 5*m - 4*b - 929 = 0. What is the greatest common divisor of 18 and m?
9
Let p(t) = -t**2 + 2*t + 17. Let c be p(5). Suppose c*f = f. Suppose f = -4*o + 32. Calculate the highest common divisor of o and 8.
8
Let x = -26 - -60. Let c = 167 + -82. Calculate the greatest common factor of x and c.
17
Let z(a) = -a + 21. Let c be z(18). Let h be (-18)/(-4)*4/3. What is the highest common divisor of h and c?
3
Let y be (-882)/21*(0 - -6)/(-2). Suppose -i = -5*g + 135, -4*g - i + 185 = 68. Calculate the greatest common divisor of g and y.
14
Suppose 2*a = 3*u - 40 - 8, -2*a = 2*u - 42. Calculate the greatest common factor of u and 9.
9
Suppose -173 + 2672 = 7*c. Calculate the greatest common divisor of 34 and c.
17
Let n = 9 - -465. Suppose -n = 3*m + 120. Let j be 1/(0 + (-2)/m). Calculate the highest common factor of j and 11.
11
Let t(f) = -5*f - 31. Let g be t(-6). Let r be (11 - g)/(6*6/72). Let b(l) = -16*l. Let x be b(-1). Calculate the greatest common divisor of x and r.
8
Let q(z) = -z + 16. Let b be q(-13). Let v be -1 + b - (6 - 3) - 1. Calculate the greatest common factor of 8 and v.
8
Let x(n) = 22*n**2 - 2*n - 3. Let m be x(-1). Calculate the greatest common divisor of m and 672.
21
Suppose 0 = k + 5*p - 8, 2*k = -0*k - 5*p + 6. Let w be 235/30 - k/12. Let g be 381/12 + 2/w. Calculate the highest common divisor of g and 80.
16
Let d be 3/(9/141) + 2. Suppose -b = -7*r + 3*r, -r = 5*b. Suppose r = -4*s - s + 35. Calculate the highest common factor of s and d.
7
Let z(b) = -13*b - 4. Let m be z(-3). Let y = -1800 + 1776. Let d = m + y. Calculate the highest common divisor of 1 and d.
1
Let w = -27 - -30. Let k be 2*w/(-18)*3*-7. Calculate the greatest common divisor of k and 14.
7
Suppose 3*b - 4*a = -0*b + 923, 8 = -4*a. Calculate the greatest common factor of 5 and b.
5
Suppose l + 92 = u, 2*l + 100 = u + 3*l. Let p = 69 + -37. What is the highest common divisor of u and p?
32
Let t be ((-56)/98)/((-1)/203). What is the greatest common divisor of t and 290?
58
Let t = 1161 + -581. What is the greatest common factor of t and 40?
20
Suppose 7*i - 2*i - d - 297 = 0, 0 = -5*i - 3*d + 309. Calculate the highest common factor of i and 180.
60
Suppose y + 5*m = -3*y - 62, 0 = 5*y - 5*m + 100. Let g = y + 22. Suppose -t - g*c = 2*t - 43, 5*t - 2*c = 63. What is the highest common factor of 65 and t?
13
Let s be 114/22 - (-16)/(-88). Suppose -77 = k - 5*k + b, s*k - 3*b = 91. What is the highest common factor of k and 4?
4
Let u = -13 + 19. Suppose r + 3*n = 23, 2*r - n = n + u. Let t(v) = 4*v**2 - 6*v + 2. Let i be t(5). Calculate the highest common divisor of i and r.
8
Let c(o) = o**2 + 15*o + 29. Let b be c(-14). Suppose 0 = -10*g + 155 - b. What is the highest common factor of 126 and g?
14
Suppose -2*b + 0*b = -22. Let q be ((-4)/(-10))/((-23)/(-230)) + 95. Calculate the greatest common divisor of q and b.
11
Let i = 409 - 344. Suppose 65 = 6*z - z. What is the greatest common divisor of z and i?
13
Let t be ((-477)/(-265))/((-2)/(-220)). Calculate the greatest common factor of 495 and t.
99
Let w be (-21)/(-4)*8/3. Let h = -90 + 230. Calculate the greatest common factor of w and h.
14
Let m = -69 - -70. Let w be m*4/(-2) + (32 - -3). Calculate the highest common factor of w and 11.
11
Let p = 15 + -14. Suppose 4*r + p = s - 3, -2*r - s = -4. Suppose -84 = -4*h + 4*v, -3*h - v + 65 + 2 = r. Calculate the greatest common factor of 33 and h.
11
Suppose 5*h + h = 78. Let x be (7 + -5)*h/(-2). Let g = x + 15. Calculate the greatest common divisor of g and 18.
2
Suppose 2*r - 4355 = 2245. Suppose -5*p = -10*p + r. What is the greatest common factor of 60 and p?
60
Let d = -135 + 135. Suppose d = n - 20*n + 5168. What is the greatest common divisor of n and 16?
16
Let b be 0 + 0 - (-7 - -3). Let d be (3/b)/(5/120). Calculate the highest common factor of 162 and d.
18
Suppose 2*a - 418 - 242 = 0. Suppose 2*i + 310 = 5*l - 0*i, -5*l - 2*i = -a. What is the greatest common factor of l and 8?
8
Let l be 3 - (1 + 0/3). Let f = l + 33. Calculate the highest common factor of f and 5.
5
Let v(d) = 2*d**2 + 5*d + 6. Let g be v(-2). Suppose -29 - 6 = -3*s - q, -10 = s - g*q. Calculate the greatest common factor of s and 110.
10
Let c(n) be the third derivative of -n**6/120 + n**5/10 - n**3 + 3*n**2. Let h be c(4). Calculate the highest common divisor of 39 and h.
13
Let h(s) = s**3 + 11*s**2 + 9*s - 31. Let q be h(-9). What is the highest common factor of 75 and q?
25
Let l be 2 - 2 - (-1 - (2 - 0)). Suppose l*k - 32 = -20. What is the highest common factor of k and 12?
4
Let b(w) = 7*w - 9. Let l be (-3)/21 - 22/(-7). Suppose 3*i - 2*u - 25 = 0, l*i = -u - 2*u. Let q be b(i). Calculate the highest common factor of q and 65.
13
Let j be 27500/33 + -2 - 4/(-6). Calculate the greatest common divisor of j and 13.
13
Let p(s) = s**2 + 9*s + 1. Let t be p(-14). Suppose 87 = -2*o + 585. Suppose t = 5*z - o. Calculate the greatest common factor of 8 and z.
8
Let x = 546 + -281. Let i = -48 + 193. Let l = x - i. What is the highest common factor of l and 48?
24
Let o(p) = 29*p**2 - 11*p + 12. Let r be o(3). Calculate the highest common factor of r and 45.
15
Let g(x) = x**2 + 7*x + 22. Let o be g(-5). What is the greatest common factor of 28 and o?
4
Let p = 84 - 6. Suppose 3*o = -4*u + o + p, -3*u + 61 = o. Suppose 5*q = -k + 247, -4*q = 3*k - q - 729. What is the highest common factor of u and k?
22
Let v be 3*(-136)/(-6) - (0 - 1). Suppose -5*x + 301 = -v. Calculate the greatest common factor of x and 111.
37
Let z = -370 - -389. Let m(u) = -u**2 + u + 20. Let l be m(0). Suppose -z*r = -l*r + 66. Calculate the highest common factor of 6 and r.
6
Suppose 5*u = -5*x - 10, 4*x - 4*u + 0 = -24. Let k be (162/x)/(9/(-18)). What is the greatest common divisor of k and 18?
9
Let w(p) = p**3 + 4*p**2 - 2. Let y be w(-3). Let m be (-16)/40 + (-2)/(-5). Let r be 3*(1 + m) - -1 - 3. What is the highest common factor of y and r?
1
Let r = -31 - -19. Let f = r - -122. Let m be ((-10)/(-7))/((-1)/(3/(21/(-49)))). What is the highest common factor of m and f?
10
Let g = -66 - -104. Let q = -2 + g. Calculate the greatest common divisor of 18 and q.
18
Let h = -745 - -880. What is the greatest common factor of 30 and h?
1